 a(-3)?
-44
Let f(a) = -4*a**3 - 11*a**2 - 31*a - 1. Let g(j) = 5*j**3 + 15*j**2 + 41*j + 1. Let d(c) = -9*f(c) - 7*g(c). Determine d(3).
-49
Let k(a) = -a - 3. Suppose -4*v = 7*v + 22. Let i be 6 + (1 - 2/(-4))*v. Let f(z) = z**3 - 3*z**2 + z - 3. Let h be f(i). Give k(h).
-3
Let u(h) = 19*h**2 - h - 14. Let q(t) = -4*t**2 - 2*t + 1. Let g(f) = 3*q(f) + u(f). Calculate g(-2).
31
Let z(d) = -45*d + 38. Suppose 368 - 391 = -23*r. Give z(r).
-7
Suppose 0 = -4*q - 4*q + 80. Suppose -5*g + 35 + q = 0. Suppose -r = -3*f + 9, 11*f - 20 = g*f - 4*r. Let k(w) = w**2 - 3*w + 5. What is k(f)?
9
Let r(d) be the second derivative of -d**6/120 - 7*d**5/30 + d**4/12 + 3*d**3 + 61*d**2/2 + 6*d + 7. Let p(z) be the first derivative of r(z). Give p(-14).
-10
Let x(y) be the third derivative of 0 + 0*y**3 - 22*y + 1/60*y**5 + 11/24*y**4 - 2*y**2. Determine x(-7).
-28
Let y(a) = 3*a - 197902 - 7*a + 197829 - 8*a. Calculate y(-7).
11
Let j(i) = 19*i**3 - 49*i**2 - 24. Let o(q) = -26*q**3 + 68*q**2 + 32. Let r(h) = 11*j(h) + 8*o(h). Give r(-4).
8
Let v(m) = 0 - 303060*m + 303033*m + 0 + 1. Let r be -3*1*2/(-6). Determine v(r).
-26
Let c(z) = z**3 + 11*z**2 + z. Let k = -47 + 79. Let f = k + 34. Let w = f + -77. Determine c(w).
-11
Suppose 2*v - v - 1 = 0. Let q = v - 2. Let c(g) be the second derivative of -g**3/6 - 3717*g. Determine c(q).
1
Let v(n) = -44 - 54*n - n**2 + 60*n + 38. Give v(4).
2
Let v(s) = 12*s**2 + 11*s - 7. Let k(b) = -b + 2. Let x(h) = 6*k(h) + v(h). What is x(-2)?
43
Let x be (-4)/(-6) - (-78)/18. Suppose -8*y + 30 = 7*y. Let b(g) = -4*g - g + g**y + 4*g - 4 - 4*g. Calculate b(x).
-4
Let v = 2 - 1. Let k(p) = -1 + 8*p - p**2 - 2 + 3 - v. Let w be ((-104)/4 - 2)*(-20)/210*3. Determine k(w).
-1
Let j(p) = 10*p + 294. Let n be j(-29). Let f(y) = -165*y + 57*y + n + 48*y + 59*y. Determine f(-3).
7
Let s(o) = -o**3 + 5*o**2 + 9*o - 7. Let m be s(6). Let k(a) = -11*a**3 + 17*a + m - 10*a + 10*a**3 + 9*a**2. What is k(10)?
-19
Let z be (2/8 + (-26)/(-104))*702. Let o(t) = 3*t - 2 + 343*t**2 - 2*t + 0*t - z*t**2. Determine o(-2).
-36
Let b(a) = -a**3 - 8*a**2 + 9*a + 3. Let z(v) be the third derivative of -v**5/60 - 2*v**4/3 + 9*v**3/2 - v**2 - 2. Let g be z(-18). Calculate b(g).
3
Let p(j) = -9*j + 22*j + 3205 - 3192 + 12*j. Determine p(-2).
-37
Let y(g) = -9*g + 38. Let l be y(4). Let a(u) = l*u**3 + 3 - 13*u**3 + 0*u**3 + 5*u - 2*u**2 - 1 + 10*u**3. What is a(-3)?
-4
Let h(g) be the second derivative of -5*g**2 + 28*g - 1/12*g**4 + 0 - 13/6*g**3. Determine h(-12).
2
Let c(q) = q - 3. Let a(n) = -3*n + 35. Let l be a(6). Suppose 5*w + 4*g - 21 = 0, 0 = -5*w - 2*g - g + l. Let b be ((-2)/(3 + w))/(6/(-36)). Calculate c(b).
0
Let y be (4/(-16))/((-3)/36). Suppose -2*q - j - 1 = 0, 0*q = q + 4*j + 18. Let b(t) = -18*t**y - 3*t**q + 6*t - 3 + 19*t**3 - 2*t**2. Give b(4).
5
Suppose 2*d + 2226 = 4*l, 0*d = 5*l - d - 2790. Suppose 3*r = -3*v + 196 - l, -2*r + 2*v = 226. Let b = 121 + r. Let m(a) = -2*a + 6. Give m(b).
-2
Suppose -172 = -4*n - 112. Let x = -85 + n. Let p be 6/21*-2*x/20. Let w(j) = -5*j**2 + j - 1. What is w(p)?
-19
Let p(c) = 9*c**2 - c**3 + 866006*c - 866020*c + 4 + 6. Give p(7).
10
Let k(w) be the second derivative of -w**5/20 + 2*w**4/3 - 5*w**3/3 + 10*w**2 + 1531*w + 2. What is k(6)?
32
Let o(b) = b**2 + 4*b - 6. Let c = 2006 + -2010. Determine o(c).
-6
Let v(k) be the first derivative of k**4/12 + k**3 - 37*k + 19. Let c(i) be the first derivative of v(i). What is c(-5)?
-5
Let k(w) = w**3 + 7*w**2 + 8*w - 8. Let s(i) = 96*i - 2020. Let r be s(21). Determine k(r).
8
Suppose 2*h + 9 + 11 = 0. Let s(f) be the second derivative of f**3/3 + 25*f**2/2 + f + 6581. Determine s(h).
5
Let u(r) = 2*r**2 + 6*r + 5. Let d(a) be the first derivative of 1/2*a**2 - 1/3*a**3 - 3 + a. Let z(h) = -5*d(h) + u(h). What is z(-1)?
6
Let l(p) = -7 - 563*p - 16*p**3 + 280*p + 17*p**3 + 11*p**2 + 277*p - 23. Determine l(-12).
-102
Let c(x) = -6 - 1178*x + 631*x + 550*x. Determine c(4).
6
Let d(u) be the third derivative of u**7/2520 + u**6/80 - u**5/120 + u**4/24 + u**3/6 + 152*u**2. Let h(t) be the second derivative of d(t). Calculate h(-7).
-15
Let p be 8*(-2 + 38/28)/((-12)/(-14)). Let y(r) be the second derivative of -r**4/12 - 2*r**3/3 + 6*r**2 - r. Calculate y(p).
0
Let n(d) = -d + 13. Let i be 2/(2/(-3))*(59 - 156). Let u = i + -285. Give n(u).
7
Let f(c) = 11*c + 2. Suppose 4*r + 4 = -j, -2*j + 14 = -3*r - 0. Let p be (3/(-4))/(r + 54/24). Give f(p).
-31
Let x(z) = z**3 + z**2 + z - 14. Suppose 0 = 5*w + d - 4, 20 = 5*w - 3*w + 5*d. Suppose -29*s + 0*s = w. Calculate x(s).
-14
Let c(n) be the first derivative of n**4/4 - 5*n**3/3 - 5*n**2/2 + 21*n + 784. Calculate c(3).
-12
Let n(g) = g. Let j(v) = 3*v**3 + 2*v**2 + 2 + 9*v + v**2 - 2*v**3. Suppose -31*i + 36*i = -5. Let r(a) = i*j(a) + 5*n(a). Determine r(-2).
2
Let k(f) = -52 - f**2 - f + 135 - 82. Calculate k(-4).
-11
Let q(k) = 63*k + 33. Let v be q(2). Suppose v*a + 3 = 158*a. Let n(t) = -t**2 - t. Give n(a).
-6
Let p(n) = 59*n + 23*n + 2847 - 5716 + 17*n**2 + 2855. Determine p(-5).
1
Let j be ((-1170)/40)/(-13)*8/3. Suppose 8 = q - 3*t + j*t, 5*t = -q + 12. Let v(n) = 3*n + 2. Give v(q).
8
Suppose 566*i - 42 = 563*i. Let s(f) = -f - 17. Give s(i).
-31
Let n(b) = -b**2 + 12*b - 15. Suppose -83 - 298 = -s. Let j = s - 370. What is n(j)?
-4
Let w(s) = 22 - 14 + 7 - 6 + 8 - 2*s + 17. Let l(z) = -17*z. Let c be l(-1). Give w(c).
0
Let b(h) = -2*h + 15. Let g(x) = -3*x + 35. Let o = -43 + 36. Let v(y) = o*b(y) + 3*g(y). Calculate v(3).
15
Let p(b) = -b**3 + 5*b**2 + 15*b - 6. Suppose 91 = -8*h + 22*h - 7. Give p(h).
1
Let p(j) = -73*j**2 + 42*j - 41. Let g(o) = -97*o**2 + 43*o - 38. Let x(z) = 3*g(z) - 4*p(z). Determine x(38).
12
Let g = -6060 + 6067. Let h(y) = 15*y - 103. Determine h(g).
2
Let q(x) = -x**2 - 6*x + 1. Let h be (612/(-85))/((-6)/20). Suppose -h = 127*n - 128*n. Suppose -3*b = 2*b + 5*y + 45, 2*y - n = 4*b. Give q(b).
-6
Let j(q) = -376*q - 26*q**3 + 377*q + 8*q**3. Determine j(1).
-17
Let c be ((-64)/(-192))/((-1)/(-9)). Suppose -2*k + c*h - 15 = 0, h - 1 = -3*k - 7. Let r(i) = i**3 + 4*i**2 - 2*i - 4. Calculate r(k).
11
Let f(m) be the first derivative of m**4/4 + 8*m**3/3 - 3*m**2 - 6*m + 1455. Determine f(-9).
-33
Let p(d) = d**3 + 2*d**2 - 21*d + 13. Let k be p(-6). Let y(g) = -9*g - 12. Let n(z) = 11*z + 14. Let a(b) = k*n(b) - 6*y(b). Calculate a(-3).
5
Let z(o) = 17*o**2 + 6*o + 2. Let l(k) = 28*k**2 + 13*k + 4. Let w(x) = 3*l(x) - 5*z(x). What is w(0)?
2
Suppose 4*f - 4*k + 4 = 0, 2*f - 4*f - k - 2 = 0. Let q be (2 + f)/(1/(-10)). Let x(v) = -v**3 - 11*v**2 - 11*v. What is x(q)?
10
Let x(w) be the second derivative of w**5/20 - w**4/6 - 2*w**3/3 + w**2 - 893*w. Give x(2).
-6
Let s(j) = 11*j - 1. Let r = 22 - 23. Let n be r/(-4)*1*(12 - 4). Give s(n).
21
Suppose -10 = -3*k + 8. Suppose -5*m = -k*m + 1. Let h(l) = -1 - 14*l**3 + 23*l**2 + 0 - 23*l**2 + l. Give h(m).
-14
Suppose 2*f - 17 = -3*a, 0*a + 2*a = -2*f + 10. Let q(b) = 513 + 0*b - 172 - 179 + b - 174. What is q(a)?
-5
Let m(f) = 104 + 129 + 125 - 2*f - 397. Determine m(0).
-39
Let l(c) be the first derivative of -5*c**4/2 + 2*c**3/3 - 2*c - 1245. Calculate l(1).
-10
Let g(c) be the third derivative of -c**5/60 + c**4/3 + 4*c**3/3 + 10*c**2 - 3*c. Let d = -61 + -35. Let r = d - -105. Give g(r).
-1
Let i(l) = -l**3 + 3*l**2 + 3*l - 9. Let q be 1 + -2*(61/(-183) - 10/6). Determine i(q).
-44
Let k be 2/8 + (-3 - 46/(-8)). Let j be (-85)/15 - (-2)/k. Let t(h) = -h**2 - 7*h - 9. Give t(j).
1
Let d(n) be the third derivative of 11*n**4/12 - n**3/3 - 3*n**2 + 12*n. What is d(-4)?
-90
Let t(u) = -10*u - 96. Let d = -23 - -14. Let w be t(d). Let f(q) = q**3 + 5*q**2 - 5*q + 6. Calculate f(w).
0
Let i(w) be the second derivative of -2*w**3/3 + 3*w**2/2 + 204*w. What is i(2)?
-5
Let v(c) be the third derivative of 23*c**4/8 + 2*c**3 - 6827*c**2. What is v(0)?
12
Suppose -6*o + o = 5*l - 45, 4*o = 2*l + 36. Let j be o + -6*(-8)/(-12). Suppose 2*d = j*d - 3. Let z(f) = -4*f**2 - f. What is z(d)?
-5
Let d(m) be the first derivative of 2/3*m**3 + 20 - m**2 + 3*m. Determine d(3).
15
Let u = -2 - -3. Let z be 35/6 - (-10 + 236/24). Let f(h) = -1 + h**2 - 26*h - h**3 + 27*h - 3*h**3 + z*h**3. Give f(u).
3
Suppose w + 283 = 2*b, 0*w -